459441 a prime number?
False
Is 1308691 a composite number?
False
Is 15681493 prime?
True
Is 213751 prime?
True
Is 963893 composite?
True
Is 18806077 a prime number?
True
Is 20236687 prime?
True
Is 310924469 a prime number?
False
Is 162247705 prime?
False
Is 2355853 composite?
False
Is 27822437 a prime number?
True
Is 3195547 composite?
False
Is 130188893 a prime number?
False
Is 63254033 a prime number?
False
Is 12885634 composite?
True
Is 848269 a prime number?
True
Is 42662651 composite?
False
Is 861463 composite?
True
Is 30039071 prime?
False
Is 20855083 composite?
True
Is 187364153 prime?
True
Is 77879363 a prime number?
False
Is 25875623 a composite number?
True
Is 47399123 prime?
False
Is 3628223 a prime number?
False
Is 3639347 composite?
False
Is 1843187 a composite number?
True
Is 838711 a composite number?
False
Is 1853449 a composite number?
True
Is 246770363 a prime number?
False
Is 26535563 a prime number?
False
Is 507643 a composite number?
True
Is 96200407 composite?
True
Is 2255003 prime?
True
Is 3526097 a composite number?
False
Is 48268261 a prime number?
True
Is 39715537 composite?
False
Is 4914379 prime?
True
Is 41611286 composite?
True
Is 11937157 composite?
False
Is 1564963 prime?
False
Is 1265233 a composite number?
False
Is 3792805 composite?
True
Is 2274407 composite?
False
Is 193636523 a composite number?
False
Is 74632483 prime?
False
Is 99705239 composite?
False
Is 29562041 a prime number?
True
Is 23882147 prime?
True
Is 12158609 prime?
True
Is 26406403 a prime number?
True
Is 68058043 a prime number?
True
Is 46380221 a composite number?
True
Is 4463887 prime?
True
Is 230973 composite?
True
Is 83374453 prime?
True
Is 23641753 a composite number?
False
Is 410899 a prime number?
True
Is 70482983 a composite number?
True
Is 3139879 prime?
False
Is 8605517 a prime number?
False
Is 63659249 prime?
True
Is 221422 a composite number?
True
Is 19493849 a prime number?
False
Is 691453349 composite?
False
Is 7439297 a composite number?
False
Is 143766853 prime?
False
Is 1905451 composite?
True
Is 522197 a composite number?
True
Is 112532389 composite?
False
Is 5290721 a composite number?
True
Is 6750034 composite?
True
Is 218508481 a prime number?
True
Is 11322611 prime?
False
Is 4128713 a prime number?
True
Is 21728233 a prime number?
True
Is 4896107 prime?
False
Is 10336043 a prime number?
True
Is 2832839 a composite number?
True
Is 74771 composite?
False
Is 20134417 prime?
True
Is 5130857 composite?
False
Is 21225179 a composite number?
False
Is 806231 composite?
True
Is 4087103 a prime number?
False
Is 8397709 prime?
True
Is 499219 prime?
False
Is 11197117 composite?
False
Is 9007358 a prime number?
False
Is 62958919 composite?
True
Is 10093561 a composite number?
False
Is 14864389 prime?
False
Is 8103071 a prime number?
True
Is 2279503 composite?
True
Is 22408787 composite?
False
Is 59097587 a composite number?
False
Is 10403803 prime?
True
Is 4653683 a composite number?
True
Is 17046329 prime?
True
Is 9067127 a prime number?
True
Is 60443023 composite?
False
Is 2721841 composite?
False
Is 4301749 a prime number?
False
Is 57907 a composite number?
True
Is 287407 a composite number?
True
Is 3588727 prime?
False
Is 14059073 a prime number?
False
Is 8068861 composite?
False
Is 108611119 a prime number?
False
Is 3440237 a prime number?
True
Is 8988911 prime?
False
Is 24556589 a composite number?
True
Is 12817843 composite?
True
Is 19186909 composite?
True
Is 18510221 composite?
False
Is 99727723 a prime number?
False
Is 1307689 composite?
False
Is 26242247 a composite number?
True
Is 1725469 composite?
False
Is 863726 composite?
True
Is 724813 a prime number?
True
Is 10912177 a composite number?
False
Is 403565933 composite?
False
Is 30276551 a composite number?
True
Is 315911 a composite number?
True
Is 11754515 a composite number?
True
Is 42880939 a composite number?
True
Is 21767171 prime?
True
Is 957811 a prime number?
True
Is 33076591 prime?
False
Is 16294774 composite?
True
Is 571645007 a composite number?
True
Is 991876903 a composite number?
False
Is 31050491 composite?
False
Is 2040083 a prime number?
False
Is 12356453 a prime number?
False
Is 1925347 composite?
True
Is 86551149 a prime number?
False
Is 31066381 composite?
True
Is 30589561 a composite number?
True
Is 20936677 a prime number?
True
Is 4826933 a prime number?
True
Is 368939 prime?
True
Is 11448407 composite?
False
Is 44878195 prime?
False
Is 724457 a composite number?
True
Is 4561189 a prime number?
False
Is 101776471 a composite number?
False
Is 98666819 a composite number?
True
Is 35946698 a composite number?
True
Is 5431691 composite?
False
Is 196133 prime?
False
Is 9338863 composite?
False
Is 5921439 a prime number?
False
Is 133873 composite?
False
Is 2059607 a composite number?
True
Is 1157719 a composite number?
True
Is 287921 composite?
False
Is 5385253 composite?
False
Is 5026911 a prime number?
False
Is 2869351 a composite number?
False
Is 2043397 a composite number?
False
Is 79253241 prime?
False
Is 50190527 composite?
True
Is 12644553 a prime number?
False
Is 40938857 a composite number?
False
Is 38393321 prime?
False
Is 22350221 prime?
True
Is 20714281 prime?
False
Is 90604457 a prime number?
True
Is 818373691 a prime number?
True
Is 10762135 a prime number?
False
Is 286859 composite?
False
Is 1153291 a composite number?
True
Is 15351081 prime?
False
Is 5791411 composite?
True
Is 7151327 prime?
True
Is 1847773 a composite number?
True
Is 21828379 a prime number?
False
Is 81200843 a prime number?
True
Is 283152589 composite?
False
Is 159642989 prime?
False
Is 6161567 prime?
False
Is 96905993 composite?
True
Is 27079145 a prime number?
False
Is 186976961 prime?
True
Is 182516161 a composite number?
False
Is 1915393 a prime number?
False
Is 5375341 prime?
False
Is 135554527 a prime number?
False
Is 1489867 a prime number?
True
Is 825373631 a prime number?
True
Is 586111 a prime number?
True
Is 19034929 prime?
True
Is 12445777 prime?
False
Is 5568971 composite?
False
Is 945127509 a prime number?
False
Is 30181999 a composite number?
False
Is 49731301 a prime number?
True
Is 2805619 a composite number?
False
Is 2122343 a prime number?
False
Is 23753159 a composite number?
True
Is 805891855 prime?
False
Is 6714229 composite?
True
Is 317337481 prime?
True
Is 175129 a prime number?
True
Is 172897027 prime?
True
Is 2486693 a prime number?
False
Is 1476337 prime?
False
Is 16122037 a composite number?
False
Is 282880139 composite?
False
Is 2028863 composite?
False
Is 15434899 a composite number?
False
Is 11269001 prime?
True
Is 538591 a prime number?
False
Is 47245535 composite?
True
Is 2640521 composite?
True
Is 26817589 a composite number?
True
Is 52161067 prime?
False
Is 2288119 prime?
True
Is 233720411 composite?
True
Is 11807203 prime?
False
Is 21621187 a prime number?
False
Is 2865971 a composite number?
False
Is 13650787 a prime number?
True
Is 10189739 composite?
True
Is 543811 a prime number?
True
Is 43843071 composite?
True
Is 675343 a prime number?
False
Is 128892601 a prime number?
True
Is 30068239 prime?
False
Is 71508253 a prime number?
True
Is 28912049 composite?
False
Is 48349283 prime?
True
Is 161775591 composite?
True
Is 39225599 a composite number?
True
Is 156845173 composite?
False
Is 5736907 composite?
True
Is 120278317 a prime number?
False
Is 14113543 a prime number?
False
Is 495017 composite?
False
Is 2326349 a prime number?
True
Is 11374723 prime?
True
Is 182479663 a prime number?
True
Is 90900973 a composite number?
True
Is 5118951 composite?
True
Is 129485129 composite?
False
Is 50257 composite?
True
Is 13133842 composite?
True
Is 159817717 prime?
True
Is 30112729 composite?
True
Is 9000653 a prime number?
False
Is 93773423 prime?
False
Is 75746221 composite?
False
Is 11640703 composite?
True
Is 276497999 a composite number?
False
Is 659653 a composite number?
False
Is 1169131 a composite number?
False
Is 158843 a prime number?
True
Is 4573033 composite?
False
Is 2645311 a composite number?
False
Is 20511811 a prime number?
False
Is 103435539 prime?
False
Is 5730947 prime?
False
Is 11342633 a composite number?
True
Is 7801 composite?
True
Is 91650877 composite?
False
Is 1581299 prime?
True
Is 37623043 a composite number